ate the highest common factor of 32 and v.
32
Let r(t) = t**2 - t + 10. Let l be r(0). Suppose 18*g + 25 = 21*g + 5*j, -4*j - 34 = -3*g. Calculate the greatest common factor of l and g.
10
Suppose 0 = -3*o + 3*s - 2*s + 290, -o + 115 = -4*s. What is the highest common factor of 5 and o?
5
Let t be 4*31*(-20)/(-16). Let c = 147 + -85. What is the greatest common factor of c and t?
31
Suppose v + 2*j + 39 - 132 = 0, 2*v - 150 = 5*j. Let c = v + -49. Let w = 29 + -5. What is the highest common factor of w and c?
12
Let g = -1 - -7. Suppose 2*o + g = 0, 59 + 12 = s - 5*o. Let h be 5 + 1/2*4. What is the highest common factor of s and h?
7
Suppose 2*l - 12 = -4*g, -3*l + 5*g - 2 = 2. Suppose -36 = -l*p - 0*p. Calculate the greatest common factor of p and 54.
18
Let x be 1 + 1 + (0 - 0). Let r be 4*(-10)/(-12)*-3. Let b = 16 + r. What is the greatest common factor of b and x?
2
Let d(k) = -15*k. Suppose 2*l = -l + 12. Suppose -5*o - 8 = -o - 4*v, 0 = -l*o - 4*v. Let m be d(o). What is the highest common divisor of 45 and m?
15
Suppose -n = -4*q, -n = -2*n + 3*q. Let o(t) = -t**2 + t + 29. Let h be o(n). Calculate the greatest common divisor of h and 29.
29
Let u(n) = n**3 - 3*n**2 - 3*n. Let m be u(4). Suppose d - m = -d. Suppose k - 9 = -d. Calculate the highest common factor of k and 77.
7
Let k(s) = 14*s**2 - 10*s + 5. Let c be k(4). Calculate the greatest common factor of c and 9.
9
Suppose 0*t - 4*t - 48 = 0. Let x be 1/4 + (-165)/t. What is the greatest common divisor of x and 14?
14
Let v(q) = 34*q + 4. Let l(w) = -33*w - 4. Let f(c) = -4*l(c) - 3*v(c). Let r be f(2). What is the highest common factor of r and 8?
8
Let p(v) = -12*v - 16. Let c be p(-4). Calculate the highest common divisor of 96 and c.
32
Let c be 1*1*6 + -2. Let k be 64/(-12) - c/6. Let i be (-2 - k)/(2/3). What is the highest common factor of 6 and i?
6
Let z(m) = 3*m**2 + 4*m + 1. Let i be z(4). Let f = 19 - 6. What is the highest common divisor of f and i?
13
Suppose 0*q - 16 = 4*q. Let c be q/(16/(-12)) - 0. What is the greatest common divisor of c and 9?
3
Let d = 0 - -5. Let x = d + 2. What is the highest common factor of x and 56?
7
Suppose -185 = -17*q + 19. Calculate the greatest common divisor of q and 8.
4
Let m(f) = -14*f + 49. Let k(u) = -5*u + 16. Let j(b) = -11*k(b) + 4*m(b). Let w be j(16). Calculate the highest common divisor of w and 44.
4
Suppose -3*d - d = m - 6, -5*m - 2*d + 30 = 0. Calculate the greatest common factor of 6 and m.
6
Let f = -2 - -8. Let y(n) = 1 + 4*n - 6 - 1. Let a be y(f). What is the highest common divisor of 144 and a?
18
Let n be 6/(-21) + (-4)/(-14). Suppose n = 4*z - 49 - 175. Let r = 20 - 13. What is the greatest common factor of z and r?
7
Let k = 13 - 6. Suppose -f = -2, 0 = -2*m + 3*f - 0*f + 8. What is the greatest common factor of m and k?
7
Suppose -4 = 4*b + k, 0 = -2*b + 5*b + 3*k + 3. Let d(t) = -126*t**3 - t**2 - 2*t - 1. Let f be d(b). What is the highest common factor of 14 and f?
14
Suppose 0*p - 5*h = 3*p - 580, -560 = -3*p - h. Calculate the highest common divisor of 37 and p.
37
Let l = -60 + 81. Calculate the greatest common factor of l and 7.
7
Suppose 2*a = -6, 3*m - m + 3*a = 9. Calculate the greatest common divisor of 3 and m.
3
Let y(j) be the third derivative of 19*j**6/30 + j**5/60 + j**4/24 - j**3/6 + 3*j**2. Let w be y(1). Calculate the greatest common factor of w and 7.
7
Suppose -2*b - 4*g + 73 = 5, 0 = -3*b - 2*g + 114. What is the greatest common factor of 160 and b?
40
Suppose 8*u = 6*u + 36. Suppose -5*a + 9 = -1. Suppose -178 = -4*g + a. What is the highest common divisor of g and u?
9
Suppose 18*a - 24*a = -54. What is the highest common divisor of 45 and a?
9
Let j(o) = o**3 - o**2 - 3*o - 3. Let v be j(4). Suppose -3*h = -v - 0. Calculate the greatest common factor of h and 1.
1
Suppose -3 - 117 = -2*w. Calculate the greatest common divisor of w and 150.
30
Let a = 647 + -371. What is the greatest common factor of a and 12?
12
Let v = 94 - 60. What is the greatest common divisor of 34 and v?
34
Suppose 24 + 11 = -3*u - 4*y, -u - 37 = -5*y. Let w = u - -44. What is the greatest common divisor of w and 18?
9
Let k be ((-4)/6)/((-2)/63). Let z(f) = 26*f**3 + 5*f**2 - 9*f. Let t be z(2). What is the highest common factor of k and t?
21
Let k(s) = s**2 + 14. Let h be k(0). Calculate the highest common factor of h and 126.
14
Let z(h) = 2*h + 4. Let s be z(4). Let m be ((-3)/(-2))/(s/16). Suppose -7 = -2*q - p, -m*p + 0*p = -4*q + 10. What is the greatest common divisor of q and 27?
3
Suppose -4*d - 6*d + 130 = 0. Suppose 0 = b - 4*b, 4*v + 2*b = 156. Calculate the greatest common divisor of d and v.
13
Let s be 5*-1*(-36)/10. Suppose 0 = 3*w + 2 - 11. Suppose -w*p = x - 36, 3*p - 60 = -2*p + 2*x. What is the highest common factor of p and s?
6
Let u = 47 + -27. Let a(f) = f**3 + 6*f**2 + 5*f - 2. Let o be a(-4). What is the highest common factor of o and u?
10
Suppose 2*m - 1287 = -7*m. What is the greatest common factor of m and 13?
13
Let u = 24 + -9. Calculate the greatest common divisor of u and 5.
5
Let g be 1/(-1) - (1 - 21). Let j = 6 - 10. Let f be (-2)/j*(-1 - -191). Calculate the highest common divisor of g and f.
19
Let c = -27 + 63. Let j(b) = -2*b + 2. Let w be j(-5). What is the greatest common factor of w and c?
12
Suppose -3*z + 4*z = 12. Let w = -222 + 330. What is the highest common factor of w and z?
12
Let b(w) be the third derivative of w**5/60 - w**4/12 - 7*w**3/6 - 3*w**2. Let p be b(-7). Calculate the highest common factor of p and 7.
7
Suppose 5*l = -0*l - 2*h + 6, 4*l + 4*h = 0. Let i = l + -4. Let k be 1 + (i - -8) + 1. What is the highest common divisor of 40 and k?
8
Let q = -9 - -11. Suppose -2*v - 4*y = -20, 0 = q*v + 2*v + 4*y - 52. What is the highest common factor of v and 40?
8
Suppose -2*a + 0*a + 4*m + 108 = 0, -5*a - 3*m = -335. Suppose -26 = -5*u + a. What is the greatest common divisor of 2 and u?
2
Suppose 0 = 3*g + 2*g - 300. What is the greatest common divisor of g and 15?
15
Let h = 112 + -57. What is the greatest common divisor of 5 and h?
5
Suppose -19 = -s + 2*g, -3*s + 0*g - g = -29. Let j be (-4*(-2)/4)/2. What is the highest common factor of j and s?
1
Let f(k) = 16*k**2 - 2*k - 1. Let q be f(-1). What is the highest common divisor of q and 68?
17
Suppose 2*m - 4*f + 0 = 10, 5*m - 5*f = 20. Suppose 0*s + m*s - 27 = 0. What is the highest common factor of s and 72?
9
Suppose 2*t - 7*s - 26 = -2*s, -5*s = -4*t + 52. Suppose -166 + 881 = 5*h. Calculate the highest common divisor of h and t.
13
Suppose c + 0*c = 44. What is the highest common factor of 22 and c?
22
Suppose 2*c + 5*h = h - 22, 3*c = 5*h + 22. Let x(i) = 20*i**2. Let o be x(c). Let v = o - -4. Calculate the greatest common divisor of 12 and v.
12
Let i(r) = -5*r - 10. Let l be i(-4). Calculate the greatest common divisor of l and 50.
10
Let g(k) = 4*k - 5. Let m be g(4). Suppose 2*o - 5 = m. Let n(c) = 3*c**2 - c + 2. Let p be n(-3). Calculate the greatest common factor of p and o.
8
Suppose 4*s - 271 - 129 = 0. Let d(q) = -6*q - 11. Let t be d(-6). Calculate the highest common factor of t and s.
25
Let r = 20 + -18. Calculate the highest common divisor of 2 and r.
2
Suppose -6*v + 77 = -3*v + 5*s, 4*s = 3*v - 68. What is the greatest common factor of v and 72?
24
Suppose 0 = -7*u + 3*u + 224. Calculate the highest common factor of 84 and u.
28
Let z = 7 - 7. Suppose z = -2*f - 3*b + 13, b = -4*f - 2*b + 17. Suppose -4 = -f*l + l. Calculate the highest common divisor of l and 20.
4
Let b(x) = x**3 + 8*x**2 - 9*x. Let n be b(-9). Let s(q) = -q + 16. Let r be s(n). What is the highest common factor of 16 and r?
16
Suppose 0 = -0*h - 2*h + 4. Suppose -z + h*z = 31. Suppose -q + 32 = -z. Calculate the greatest common divisor of q and 7.
7
Let k(f) = -9*f - 3. Let z be k(-3). Let a = 35 - z. Calculate the highest common divisor of a and 121.
11
Let g be 9/15 - (-66)/15. Let v be -2*(-6)/4 + g. Suppose 3*t - v = 28. What is the highest common factor of t and 8?
4
Suppose -360 = -5*o + 5*f, -5*f + 240 = -o + 4*o. Suppose 4*j + 5*i = o, -3*j + 5*i - 60 = -6*j. Calculate the highest common divisor of 165 and j.
15
Let c be 12*(-6)/(-12) - 3. Suppose -5*y + 57 = 12. What is the highest common f